 of y and 63.
21
Let n(a) = -69*a**3 + a**2 + 10*a + 10. Let t be n(-2). Calculate the greatest common divisor of 21 and t.
21
Suppose -3*w = c - w - 10, c = 3*w + 25. Let h(f) = 14*f**2 - 16*f + 2. Let k be h(3). What is the highest common divisor of c and k?
16
Suppose 0 = 3*d - 4*y + 56, 4*d + 4*y = 6*y - 68. Suppose -4*p + 2*p = 50. Let g = d - p. Calculate the highest common divisor of g and 45.
9
Suppose r = j - 25, 0*r = 5*j + 2*r - 118. Calculate the greatest common factor of 132 and j.
12
Let x be 2/(-6)*78/13. Let s be (3/x)/((-7)/56). Calculate the greatest common factor of 84 and s.
12
Let s = -203 + 273. What is the highest common divisor of 7 and s?
7
Let j(c) = -c**3 + 9*c**2 + 9*c + 24. Let q be j(10). Suppose -5*v + q = -21. What is the highest common divisor of 2 and v?
1
Suppose 3*f = -3*w + 3, -2*w - 13 = -f - 2*f. What is the highest common divisor of 699 and f?
3
Let r = 247 - 196. Calculate the highest common divisor of r and 68.
17
Let k(t) = t**2 - t - 1. Let y be k(3). Suppose 0*d - 4*a = -y*d + 95, 95 = 5*d - a. What is the greatest common factor of 95 and d?
19
Let f(j) = j**2 + 7*j - 36. Let q be f(-12). What is the highest common divisor of q and 204?
12
Let a = -77 + 120. Let n = -18 + a. What is the greatest common factor of n and 10?
5
Let o be -3 + (1 - 0 - -2). Suppose 3*j - 21 = -3*i - o*j, -4*i + 5*j + 10 = 0. Suppose 2*n - 56 + 6 = 0. What is the highest common divisor of n and i?
5
Let l be (-4 - (-5 - -3)) + 2. Suppose 9*n - 6*n - 60 = l. Let k(p) = 9*p**2 + p. Let u be k(-1). Calculate the highest common divisor of u and n.
4
Let i = 10 - -22. Suppose 0 = -c - 3*w + w + 1, 8 = 4*w. Let d be 12/(1*c/(-12)). Calculate the greatest common factor of d and i.
16
Let h = 659 + -639. What is the highest common divisor of h and 32?
4
Let d(k) = k**2 + 2*k + 3. Let g be d(-3). Suppose 9*q - 133 = 245. What is the highest common divisor of g and q?
6
Suppose -8*b = -3*c - 13*b + 1313, -10 = 5*b. Calculate the highest common factor of 126 and c.
63
Let s be (-7 + 3 - -205) + 3. Calculate the greatest common factor of 72 and s.
12
Let y = -99 + 155. What is the greatest common factor of 24 and y?
8
Let w be ((-147)/((-28)/(-4)))/((-1)/1). Let n be w/(-9)*(1 + -22). Calculate the highest common divisor of n and 7.
7
Let n be 22/(-3)*(1 + 11). Let v = n + 178. Calculate the highest common factor of 36 and v.
18
Suppose 5*u = -15, 249 = 4*n - n + 4*u. What is the highest common divisor of 58 and n?
29
Let y = -30 - -35. Let h(i) = 3*i**2 - 11*i - 4. Let w be h(y). What is the greatest common factor of 128 and w?
16
Let o(r) = r**2 - r + 6. Let j be o(0). Suppose 0*u = 3*u - j. Let q be u*21/(5 + -2). What is the greatest common factor of 98 and q?
14
Let k(a) = 2*a + 12. Let l be k(7). Suppose 4*c - i - 76 = l, i - 2 = 0. What is the greatest common factor of c and 65?
13
Suppose d - 3 = 0, -3*d = 5*r - 0*d - 99. Let u be (2 - 0)/(r/45). Suppose -12 = -u*h + 13, -5*s - h = -110. What is the greatest common divisor of 14 and s?
7
Let t(c) be the first derivative of c**2/2 + 6*c - 8. Let n be t(-4). What is the greatest common factor of 1 and n?
1
Suppose 14*h + 672 = 35*h. Calculate the greatest common divisor of 3 and h.
1
Let f be (2 - (-16 + 2))*4. Suppose -d + f = 3*d. Let y(q) = q**3 + 17*q**2 + 19*q + 11. Let m be y(-15). Calculate the greatest common divisor of m and d.
16
Suppose -2*r - 3*r - 5*l = -275, -3*l - 63 = -r. Suppose -3*x - c = -r, -3*x + 5*x = 3*c + 49. Calculate the highest common divisor of x and 80.
20
Let g be (6/(-4) - (3 + -4))*-4. What is the greatest common divisor of g and 11?
1
Suppose -3 = -q - 0*q. Suppose q*v + 3*p + p = 13, -5 = -5*p. Suppose -v*c + 20 + 10 = 0. Calculate the highest common divisor of 10 and c.
10
Let d = -900 + 1060. Calculate the highest common factor of 224 and d.
32
Suppose 287 = 19*v - 169. What is the highest common factor of v and 60?
12
Suppose -2*z + 253 = -12*a + 17*a, -5*a + 595 = 5*z. Calculate the highest common factor of 2280 and z.
114
Let u be ((312/(-10))/2)/(2/(-5)). Suppose 15 - u = -4*c. What is the highest common divisor of 4 and c?
2
Let c(z) = 7*z - 37. Let w be c(6). Suppose -w*g - 3*i + 213 = 0, 4*g + 9 = 2*i + 197. What is the highest common factor of 15 and g?
15
Let x(y) = -y**3 + 20*y**2 + 15*y - 113. Let f be x(20). What is the greatest common divisor of 85 and f?
17
Let o(r) be the second derivative of -r**3/2 + 19*r**2/2 - 18*r. Let y be o(3). What is the greatest common divisor of 70 and y?
10
Suppose -d - 28 = -5*d. Suppose -d*i + 25 = 4. What is the greatest common factor of i and 24?
3
Suppose -3*w - 87 = -483. Let n(x) = x**3 - 109*x**2 - x + 121. Let r be n(109). Calculate the greatest common divisor of r and w.
12
Let w be (-1)/4 + ((-594)/(-8))/9. Let m = -2 + 3. Suppose 375 = 5*y + 5*g, -g + 2 = -m. What is the highest common divisor of y and w?
8
Suppose 9*m + 14*m - 4784 = 0. What is the highest common factor of m and 16?
16
Let z be (-6)/4*(-10 - 0). Let b = 97 - 42. Let t = 70 - b. Calculate the greatest common factor of z and t.
15
Let z be (-1126)/(-6) + 9/27. What is the highest common factor of z and 47?
47
Let y = 242 + -32. What is the greatest common divisor of 90 and y?
30
Let u be (6/9)/(5/15). Suppose 0 = u*f + 7*f - 153. What is the highest common divisor of 17 and f?
17
Let i be (16/6*-1)/(16/(-240)). Suppose 2*n = -3*n + i. What is the greatest common factor of 72 and n?
8
Let q = 13 + 8. Let n be (-5)/(-2)*(9 - 7). Suppose n*t - 6*t = -3. Calculate the highest common factor of q and t.
3
Let p be 276/(-18)*((-61)/2 + 5). What is the highest common divisor of 69 and p?
23
Suppose -2*s + 0*s = 5*q, 4*q + 2 = -2*s. Suppose -x + 2*x - q*u + 46 = 0, 98 = -2*x + u. Let l = x + 74. Calculate the highest common divisor of 8 and l.
8
Let y(n) = n - 1. Let c = 11 - 7. Let m be y(c). Suppose 2*a - 141 = -5*b, 3*a + 27 = -2*b + 90. Calculate the greatest common divisor of m and b.
3
Let p be (-3 + 0)/(3/(-16)). Suppose -119 = -28*w - 7. Calculate the highest common divisor of p and w.
4
Let c = 1722 - 1450. Calculate the greatest common divisor of c and 221.
17
Let x = -450 - -460. Calculate the greatest common factor of x and 1080.
10
Let g be 1*4/(-16)*-428. Suppose 65 + g = -2*u. Let t be (u - -16)*8/(-10). What is the greatest common divisor of 7 and t?
7
Suppose 228*s = 223*s + 1005. What is the highest common factor of s and 268?
67
Let j be (72/(-60))/(1/5). Let g(h) = -h**2 - 10*h - 14. Let a be g(j). What is the greatest common factor of a and 70?
10
Suppose 4*l - 6*t - 856 = -2*t, -3*l + 650 = t. Let f = 24 + -21. Suppose -7*d = -f*d - l. What is the greatest common factor of d and 36?
18
Let v = 10 - -503. Let n = 772 - v. What is the highest common factor of n and 37?
37
Let h(m) = m**2 + m + 13. Let w be h(0). Let j(l) = 3*l - 21. Let n be j(-19). Let c be ((-51)/(-9) + -3)*n/(-8). What is the highest common divisor of w and c?
13
Let o be (4/10)/(4/180). Calculate the greatest common divisor of 138 and o.
6
Suppose 3 = -2*l + 4*q + 21, 5 = -5*q. What is the highest common divisor of l and 189?
7
Let v = 85 - 22. Let w be 2/(-6)*(0 - 12). Suppose -3*j + 2*i = -122, -w*j = -5*i + 29 - 187. Calculate the greatest common factor of v and j.
21
Suppose 4*q = 16, 5*h + 12*q = 9*q + 47. Suppose 2*m - m - 63 = 0. Calculate the highest common factor of m and h.
7
Let k = -9 + 12. Suppose 0 = -3*i + 5*m + 158, 4*i - 200 - 30 = -k*m. Let y = i + -23. Calculate the greatest common divisor of 3 and y.
3
Let a(y) = -3*y + 15. Let q be a(7). Let k = q - -17. Suppose -v + 10 = -1. What is the highest common factor of v and k?
11
Let n = 225 - 208. What is the highest common divisor of n and 391?
17
Let h(r) = -r + 37. Let l be h(16). Calculate the greatest common factor of 7 and l.
7
Let y = 625 - 51. Calculate the highest common divisor of 28 and y.
14
Let c be -4 - ((-30)/20)/(2/52). Let p = c + -31. Calculate the greatest common factor of 76 and p.
4
Let w be -4 + 0 + 36/(-30)*-10. Calculate the highest common divisor of w and 22.
2
Let m(o) = 6*o + 13. Let i be m(-8). Let v = 44 + i. What is the greatest common factor of 36 and v?
9
Let k be 104 + (-3 - -1)*-2. Suppose 6*x - k = 2*x. Suppose -5*p + x = -2*p. Calculat